02122
In base 14, what is 456 + -1cc2d?
-1c7b7
In base 8, what is 6570740 + 11?
6570751
In base 7, what is -314511433 + 12?
-314511421
In base 2, what is 101 + -11001110100001111011000111?
-11001110100001111011000010
In base 14, what is 3b6d329 - -3?
3b6d32c
In base 10, what is -529 - -790358?
789829
In base 11, what is -261496762 + 1?
-261496761
In base 5, what is 124 - 4112134114?
-4112133440
In base 15, what is -c0ec - -42d?
-bbbe
In base 10, what is -10 - 23047?
-23057
In base 10, what is -36791496 + 14?
-36791482
In base 6, what is 1305 - -1000002?
1001311
In base 6, what is 2 - -24054310151?
24054310153
In base 6, what is -451341254 - 4?
-451341302
In base 16, what is 1 + ee8e40f?
ee8e410
In base 11, what is -500 - 18711?
-19111
In base 6, what is -133202 + 25512?
-103250
In base 9, what is 14465076 - 17?
14465058
In base 15, what is -b87ba - 2?
-b87bc
In base 10, what is 1448973 + -2?
1448971
In base 12, what is -a569310 + -1?
-a569311
In base 12, what is 343183 + 44a?
343611
In base 8, what is -65177 - -362?
-64615
In base 13, what is -2 + -129117b2?
-129117b4
In base 9, what is 53615854 + -21?
53615833
In base 11, what is 20 + -921a478?
-921a458
In base 12, what is -1 - -18834?
18833
In base 13, what is -27335 - -28?
-2730a
In base 2, what is 1001011 - -10110000111000001?
10110001000001100
In base 16, what is 1c8 + -13b80e?
-13b646
In base 11, what is 660 + 373a49?
3745a9
In base 5, what is 23 - -2004124322?
2004124400
In base 16, what is 19626 - -d60?
1a386
In base 10, what is 40489 + 3683?
44172
In base 10, what is -554 + 5082?
4528
In base 10, what is 183673 + 42?
183715
In base 10, what is -61810 + 380?
-61430
In base 15, what is -236720 + 2?
-23671d
In base 10, what is 15876202 + 1?
15876203
In base 9, what is 110 - -213108?
213218
In base 3, what is -200001022222200 + -1122?
-200001100001022
In base 2, what is -1 - -111110110100101100001?
111110110100101100000
In base 13, what is -91 - -6585?
64c4
In base 5, what is 4 + 2030422431?
2030422440
In base 3, what is 101 + -2101001021222112?
-2101001021222011
In base 12, what is -a36319 + 92?
-a36247
In base 10, what is -180 - -4397?
4217
In base 14, what is -7ac97 + -241?
-7b0d8
In base 6, what is 12 + 2251420131?
2251420143
In base 16, what is 3bbb + -d4?
3ae7
In base 10, what is -671 + 12515?
11844
In base 12, what is -36993 + -11?
-369a4
In base 14, what is -411756 - 1?
-411757
In base 4, what is -22202103 - -200?
-22201303
In base 4, what is -1000133001 - -1121?
-1000131220
In base 11, what is -20 + a616613?
a6165a3
In base 6, what is 11 - -24533413511?
24533413522
In base 9, what is -2874230 + -175?
-2874415
In base 2, what is 0 - -1010011101101111110110011?
1010011101101111110110011
In base 14, what is 1 - 1954da?
-1954d9
In base 16, what is -1015f + 10e?
-10051
In base 16, what is -70c + -c5c?
-1368
In base 7, what is 1351 + -300612?
-266231
In base 8, what is -13515 + -3622?
-17337
In base 3, what is 12202012 - 11022110?
1102202
In base 15, what is -27d8 + -7dbe?
-a6a7
In base 2, what is 10011110011011111 + -101101111?
10011101101110000
In base 8, what is 4 - -2023043?
2023047
In base 12, what is 6 + -731976?
-731970
In base 7, what is 26113 - 11156?
14624
In base 10, what is 16567911 + 1?
16567912
In base 11, what is 8258 - 2896?
5472
In base 9, what is 1166 - 4423?
-3246
In base 16, what is 3b7deb + -5?
3b7de6
In base 7, what is 360554 + -1612?
355642
In base 14, what is 4 - 64a9c03?
-64a9bdd
In base 10, what is -13 - 177639?
-177652
In base 13, what is 144c - 17ca?
-37b
In base 3, what is 11011021210 + 2120212?
11020212122
In base 8, what is 1245 - 1370564?
-1367317
In base 10, what is -10742864 - 5?
-10742869
In base 16, what is a3aa - 6f?
a33b
In base 15, what is -a + 1eade06?
1eaddeb
In base 8, what is -120670 + 141?
-120527
In base 12, what is -1471 + 30a?
-1163
In base 7, what is 24624 - -110413?
135340
In base 8, what is -121 - -17333353?
17333232
In base 15, what is -1b - -1230ea?
1230ce
In base 3, what is -11220101221120000 + -12?
-11220101221120012
In base 6, what is 24 - -34521123?
34521151
In base 11, what is 343 - 5660?
-5318
In base 3, what is 121222120100 - 120?
121222112210
In base 15, what is -15885 + -18?
-1589d
In base 13, what is 20b4539 + 6?
20b4542
In base 16, what is 8 + -248636d?
-2486365
In base 15, what is -1604a + -277?
-162c2
In base 14, what is -1 + aaa959?
aaa958
In base 10, what is -5 - 598661?
-598666
In base 15, what is 220 - 3e16?
-3be6
In base 16, what is -2057d - 2f9?
-20876
In base 5, what is -21 - 221012111?
-221012132
In base 15, what is 2 - 993ec4?
-993ec2
In base 4, what is -2213 + 322331?
320112
In base 14, what is 178c1a65 + -2?
178c1a63
In base 8, what is 1 + 371500?
371501
In base 13, what is -8111 + 804?
-760a
In base 6, what is 21025 - -25305?
50334
In base 4, what is 2322 - -303021?
312003
In base 8, what is 106104 + -1503?
104401
In base 15, what is 19159 - -12?
1916b
In base 15, what is 22d072 + 1?
22d073
In base 8, what is -14 + 1636665?
1636651
In base 6, what is -10524523 - -23?
-10524500
In base 12, what is -4475 - 1a60?
-6315
In base 6, what is -3 - 1530230330?
-1530230333
In base 5, what is 32240 + 300232?
333022
In base 8, what is -5 - 11076737?
-11076744
In base 9, what is 10716 + 715?
11532
In base 4, what is 0 - -20003011210120?
20003011210120
In base 8, what is 21 - 4070506?
-4070465
In base 5, what is -210024 + 1312414?
1102340
In base 4, what is 221 + 110323311222?
110323312103
In base 14, what is 232a09 - -b5?
232ac0
In base 4, what is 12012321333 + 0?
12012321333
In base 11, what is -1538 + 20240?
19803
In base 9, what is -8163 - -1155?
-7007
In base 7, what is 1103354 - 3034?
1100320
In base 11, what is -248 + 24256?
24009
In base 2, what is 11001111010000011110001010111 - 0?
11001111010000011110001010111
In base 13, what is 5 - 8a3b00?
-8a3ac8
In base 16, what is -647 - -e8b28?
e84e1
In base 7, what is 21634 + -1222113?
-1200146
In base 14, what is -2ad54 + a2?
-2ac92
In base 3, what is -2022112000201 - -222?
-2022111222202
In base 7, what is 20005255 + -3?
20005252
In base 12, what is 2a01766 - 9?
2a01759
In base 9, what is -273 - 58806?
-60180
In base 3, what is 10212221 - -1002222?
11222220
In base 6, what is 53210255543 - 1?
53210255542
In base 3, what is 11001221011220 - -1?
11001221011221
In base 8, what is -376 - 253754?
-254352
In base 7, what is -5 + 563530203?
563530165
In base 2, what is -1001111011001101101110 - -100?
-1001111011001101101010
In base 10, what is 32483 + -1736?
30747
In base 8, what is 17263 + -35057?
-15574
In base 11, what is 37 + -1539896?
-153985a
In base 10, what is 10 + -13462395?
-13462385
In base 10, what is 12008 - -7138?
19146
In base 3, what is -20202002 + 101010112?
10101110
In base 7, what is 165630522 + -3?
165630516
In base 6, what is -3535 - 533415?
-541354
In base 4, what is 100 + 113121032021?
113121032121
In base 12, what is -198877 + -2?
-198879
In base 8, what is 3 - 10660502?
-10660477
In base 9, what is -378107 - 10?
-378117
In base 8, what is 46 + -4302235?
-4302167
In base 4, what is -10013213 - 2010210?
-12030023
In base 8, what is 107000005 - 6?
106777777
In base 4, what is 33 + -123031?
-122332
In base 3, what is -120112 + 211020111112?
211012221000
In base 10, what is 964327 + -179?
964148
In base 4, what is -23232223 - 132333?
-30031222
In base 9, what is 1166122 + 3?
1166125
In base 9, what is -583888 + -148?
-584147
In base 13, what is 84846 + 35?
8487b
In base 14, what is 9b1396 + 4?
9b139a
In base 9, what is 5027024 + -7?
5027016
In base 2, what is -100010110110010011100 + -101?
-100010110110010100001
In base 16, what is -5 - 103e1018?
-103e101d
In base 10, what is 60 + 605558?
605618
In base 7, what is 3433113606 - 3?
3433113603
In base 15, what is -10406951 - -4?
-1040694c
In base 15, what is -5888 + -21?
-58a9
In base 4, what is -233313021302 + -21?
-233313021323
In base 7, what is -4 + 26242332?
26242325
In base 6, what is -3 - 1342430?
-1342433
In base 11, what is 18a + 118502?
118691
In base 2, what is 1111100101 + 1111000100000?
10001000000101
In base 10, what is -45710560 + -37?
-45710597
In base 14, what is 29 + 83d0?
8419
In base 6, what is -2025 + -101133410?
-101135435
In base 12, what is -3 + 8148808?
8148805
In base 16, what is -